{"id":2198,"date":"2023-11-03T17:27:19","date_gmt":"2023-11-03T20:27:19","guid":{"rendered":"https:\/\/fernandamarques.com.br\/?post_type=banner&#038;p=2198"},"modified":"2024-05-23T11:34:05","modified_gmt":"2024-05-23T14:34:05","slug":"enterprises","status":"publish","type":"banner","link":"https:\/\/fernandamarques.com.br\/en\/banner\/enterprises\/","title":{"rendered":"Enterprises"},"content":{"rendered":"<section class=\"l-section wpb_row height_medium full_height valign_bottom with_img\"><div class=\"l-section-img\" role=\"img\" aria-label=\"\u00c1rea gourmet interna do edif\u00edcio Joya Jardins: design de interiores contempor\u00e2neo com bancada em ilha, marcenaria planejada de alto padr\u00e3o e mobili\u00e1rio de design para \u00e1reas comuns de empreendimentos residenciais.\" data-img-width=\"1900\" data-img-height=\"950\" style=\"background-image: url(https:\/\/fernandamarques.com.br\/wp-content\/uploads\/2023\/11\/empreendimentos.jpg);background-repeat: no-repeat;\"><\/div><div class=\"l-section-overlay\" style=\"background:linear-gradient(180deg,transparent,rgba(0,0,0,0.55))\"><\/div><div class=\"l-section-h i-cf\"><div class=\"g-cols vc_row via_grid cols_1 laptops-cols_inherit tablets-cols_inherit mobiles-cols_1 valign_top type_default stacking_default\"><div class=\"wpb_column vc_column_container\"><div class=\"vc_column-inner\"><h2 class=\"w-post-elm post_custom_field us_custom_6df4bc3a has_text_color type_text cb_frase_do_banner color_link_inherit\"><span class=\"w-post-elm-value\">Enterprises<\/span><\/h2><\/div><\/div><\/div><\/div><\/section>\n","protected":false},"featured_media":5359,"menu_order":5,"template":"","meta":{"_acf_changed":false,"_monsterinsights_skip_tracking":false,"_monsterinsights_sitenote_active":false,"_monsterinsights_sitenote_note":"","_monsterinsights_sitenote_category":0},"categoria-de-banner":[],"class_list":["post-2198","banner","type-banner","status-publish","has-post-thumbnail","hentry"],"acf":[],"yoast_head":"<!-- This site is optimized with the Yoast SEO plugin v27.5 - https:\/\/yoast.com\/product\/yoast-seo-wordpress\/ -->\n<title>Enterprises - Fernanda Marques<\/title>\n<meta name=\"robots\" content=\"index, follow, max-snippet:-1, max-image-preview:large, max-video-preview:-1\" \/>\n<link rel=\"canonical\" href=\"https:\/\/fernandamarques.com.br\/en\/banner\/enterprises\/\" \/>\n<meta property=\"og:locale\" content=\"en_US\" \/>\n<meta property=\"og:type\" content=\"article\" \/>\n<meta property=\"og:title\" content=\"Enterprises - Fernanda Marques\" \/>\n<meta property=\"og:url\" content=\"https:\/\/fernandamarques.com.br\/en\/banner\/enterprises\/\" \/>\n<meta property=\"og:site_name\" content=\"Fernanda Marques\" \/>\n<meta property=\"article:modified_time\" content=\"2024-05-23T14:34:05+00:00\" \/>\n<meta property=\"og:image\" content=\"https:\/\/fernandamarques.com.br\/wp-content\/uploads\/2023\/11\/escritorio-arquiteta-arquiteto-sp-sao-paulo-fernanda-marques-arquitetura.webp\" \/>\n\t<meta property=\"og:image:width\" content=\"1920\" \/>\n\t<meta property=\"og:image:height\" content=\"1080\" \/>\n\t<meta property=\"og:image:type\" content=\"image\/webp\" \/>\n<meta name=\"twitter:card\" content=\"summary_large_image\" \/>\n<meta name=\"twitter:label1\" content=\"Est. reading time\" \/>\n\t<meta name=\"twitter:data1\" content=\"1 minute\" \/>\n<!-- \/ Yoast SEO plugin. -->","yoast_head_json":{"title":"Enterprises - Fernanda Marques","robots":{"index":"index","follow":"follow","max-snippet":"max-snippet:-1","max-image-preview":"max-image-preview:large","max-video-preview":"max-video-preview:-1"},"canonical":"https:\/\/fernandamarques.com.br\/en\/banner\/enterprises\/","og_locale":"en_US","og_type":"article","og_title":"Enterprises - Fernanda Marques","og_url":"https:\/\/fernandamarques.com.br\/en\/banner\/enterprises\/","og_site_name":"Fernanda Marques","article_modified_time":"2024-05-23T14:34:05+00:00","og_image":[{"width":1920,"height":1080,"url":"https:\/\/fernandamarques.com.br\/wp-content\/uploads\/2023\/11\/escritorio-arquiteta-arquiteto-sp-sao-paulo-fernanda-marques-arquitetura.webp","type":"image\/webp"}],"twitter_card":"summary_large_image","twitter_misc":{"Est. reading time":"1 minute"},"schema":{"@context":"https:\/\/schema.org","@graph":[{"@type":"WebPage","@id":"https:\/\/fernandamarques.com.br\/en\/banner\/enterprises\/","url":"https:\/\/fernandamarques.com.br\/en\/banner\/enterprises\/","name":"Enterprises - Fernanda Marques","isPartOf":{"@id":"https:\/\/fernandamarques.com.br\/en\/#website"},"primaryImageOfPage":{"@id":"https:\/\/fernandamarques.com.br\/en\/banner\/enterprises\/#primaryimage"},"image":{"@id":"https:\/\/fernandamarques.com.br\/en\/banner\/enterprises\/#primaryimage"},"thumbnailUrl":"https:\/\/fernandamarques.com.br\/wp-content\/uploads\/2023\/11\/empreendimentos.jpg","datePublished":"2023-11-03T20:27:19+00:00","dateModified":"2024-05-23T14:34:05+00:00","breadcrumb":{"@id":"https:\/\/fernandamarques.com.br\/en\/banner\/enterprises\/#breadcrumb"},"inLanguage":"en-US","potentialAction":[{"@type":"ReadAction","target":["https:\/\/fernandamarques.com.br\/en\/banner\/enterprises\/"]}]},{"@type":"ImageObject","inLanguage":"en-US","@id":"https:\/\/fernandamarques.com.br\/en\/banner\/enterprises\/#primaryimage","url":"https:\/\/fernandamarques.com.br\/wp-content\/uploads\/2023\/11\/empreendimentos.jpg","contentUrl":"https:\/\/fernandamarques.com.br\/wp-content\/uploads\/2023\/11\/empreendimentos.jpg","width":1900,"height":950,"caption":"\u00c1rea gourmet interna do edif\u00edcio Joya Jardins: design de interiores contempor\u00e2neo com bancada em ilha, marcenaria planejada de alto padr\u00e3o e mobili\u00e1rio de design para \u00e1reas comuns de empreendimentos residenciais."},{"@type":"BreadcrumbList","@id":"https:\/\/fernandamarques.com.br\/en\/banner\/enterprises\/#breadcrumb","itemListElement":[{"@type":"ListItem","position":1,"name":"In\u00edcio","item":"https:\/\/fernandamarques.com.br\/en\/"},{"@type":"ListItem","position":2,"name":"Banners","item":"https:\/\/fernandamarques.com.br\/en\/banner\/"},{"@type":"ListItem","position":3,"name":"Enterprises"}]},{"@type":"WebSite","@id":"https:\/\/fernandamarques.com.br\/en\/#website","url":"https:\/\/fernandamarques.com.br\/en\/","name":"Fernanda Marques","description":"","potentialAction":[{"@type":"SearchAction","target":{"@type":"EntryPoint","urlTemplate":"https:\/\/fernandamarques.com.br\/en\/?s={search_term_string}"},"query-input":{"@type":"PropertyValueSpecification","valueRequired":true,"valueName":"search_term_string"}}],"inLanguage":"en-US"}]}},"_links":{"self":[{"href":"https:\/\/fernandamarques.com.br\/en\/wp-json\/wp\/v2\/banner\/2198","targetHints":{"allow":["GET"]}}],"collection":[{"href":"https:\/\/fernandamarques.com.br\/en\/wp-json\/wp\/v2\/banner"}],"about":[{"href":"https:\/\/fernandamarques.com.br\/en\/wp-json\/wp\/v2\/types\/banner"}],"wp:featuredmedia":[{"embeddable":true,"href":"https:\/\/fernandamarques.com.br\/en\/wp-json\/wp\/v2\/media\/5359"}],"wp:attachment":[{"href":"https:\/\/fernandamarques.com.br\/en\/wp-json\/wp\/v2\/media?parent=2198"}],"wp:term":[{"taxonomy":"categoria-de-banner","embeddable":true,"href":"https:\/\/fernandamarques.com.br\/en\/wp-json\/wp\/v2\/categoria-de-banner?post=2198"}],"curies":[{"name":"wp","href":"https:\/\/api.w.org\/{rel}","templated":true}]}}

<section class="l-section wpb_row height_medium full_height valign_bottom with_img"><div class="l-section-img" role="img" aria-label="Área gourmet interna do edifício Joya Jardins: design de interiores contemporâneo com bancada em ilha, marcenaria planejada de alto padrão e mobiliário de design para áreas comuns de empreendimentos residenciais." data-img-width="1900" data-img-height="950" style="background-image: url(https://fernandamarques.com.br/wp-content/uploads/2023/11/empreendimentos.jpg);background-repeat: no-repeat;"></div><div class="l-section-overlay" style="background:linear-gradient(180deg,transparent,rgba(0,0,0,0.55))"></div><div class="l-section-h i-cf"><div class="g-cols vc_row via_grid cols_1 laptops-cols_inherit tablets-cols_inherit mobiles-cols_1 valign_top type_default stacking_default"><div class="wpb_column vc_column_container"><div class="vc_column-inner"><h2 class="w-post-elm post_custom_field us_custom_6df4bc3a has_text_color type_text cb_frase_do_banner color_link_inherit"><span class="w-post-elm-value">Enterprises</span></h2></div></div></div></div></section>

Área gourmet interna do edifício Joya Jardins: design de interiores contemporâneo com bancada em ilha, marcenaria planejada de alto padrão e mobiliário de design para áreas comuns de empreendimentos residenciais.

Início
