{"id":2053,"date":"2023-10-03T17:21:20","date_gmt":"2023-10-03T20:21:20","guid":{"rendered":"https:\/\/fernandamarques.com.br\/?post_type=projeto&#038;p=2053"},"modified":"2025-03-26T10:53:54","modified_gmt":"2025-03-26T13:53:54","slug":"paulistano-en","status":"publish","type":"projeto","link":"https:\/\/fernandamarques.com.br\/en\/project\/paulistano-en\/","title":{"rendered":"Paulistano"},"content":{"rendered":"<section class=\"l-section wpb_row height_medium\"><div class=\"l-section-h i-cf\"><div class=\"g-cols vc_row via_grid cols_1 laptops-cols_inherit tablets-cols_inherit mobiles-cols_1 valign_top type_default stacking_default\"><div class=\"wpb_column vc_column_container\"><div class=\"vc_column-inner\"><div class=\"w-image has_ratio align_center\"><a ref=\"magnificPopup\" href=\"https:\/\/fernandamarques.com.br\/wp-content\/uploads\/2023\/10\/paulistano-1.jpg\" aria-label=\"paulistano-1\" class=\"w-image-h\"><div style=\"padding-bottom:56.25%\"><\/div><img loading=\"lazy\" decoding=\"async\" width=\"1024\" height=\"683\" src=\"https:\/\/fernandamarques.com.br\/wp-content\/uploads\/2023\/10\/paulistano-1-1024x683.jpg\" class=\"attachment-large size-large\" alt=\"\" loading=\"lazy\" \/><\/a><\/div><div class=\"w-separator size_medium\"><\/div><div class=\"wpb_text_column\"><div class=\"wpb_wrapper\"><p>One of the most traditional clubs paulistanoyes, or Paulistano, in the Jardins neighborhood, and also the one that offers one of the most spectacular vistas of the city, especially when viewed from the large windows of this duplex.<\/p>\n<p>\u201cEnjoying the landscape as much as possible, and, as far as possible, bringing it indoors\u201d was one of my client\u2019s demands, says architect Fernanda Marques, who designed this 350 m2 apartment, home to a single father , surf lover, and his 3 children.<\/p>\n<\/div><\/div><div class=\"w-separator size_small\"><\/div><div class=\"w-image has_ratio align_center\"><a ref=\"magnificPopup\" href=\"https:\/\/fernandamarques.com.br\/wp-content\/uploads\/2023\/10\/paulistano-2.jpg\" aria-label=\"paulistano-2\" class=\"w-image-h\"><div style=\"padding-bottom:56.25%\"><\/div><img loading=\"lazy\" decoding=\"async\" width=\"1024\" height=\"683\" src=\"https:\/\/fernandamarques.com.br\/wp-content\/uploads\/2023\/10\/paulistano-2-1024x683.jpg\" class=\"attachment-large size-large\" alt=\"\" loading=\"lazy\" \/><\/a><\/div><div class=\"w-separator size_small\"><\/div><div class=\"wpb_text_column\"><div class=\"wpb_wrapper\"><p>\u201cThose who come to me most of the time have sophistication as their main motivation. In this case, however, there is one more thing. There is more informality\u201d, considers Fernanda who, in this sense, opted for maximum integration between all environments.<\/p>\n<p>The result of a true retrofit operation, little of the current distribution resembles the original of the property. Today, the suites and home kids are located in the most secluded part of the apartment. In the social area, kitchen, gourmet space, living room and home theater.<\/p>\n<p>From the point of vista aesthetic, light and soft and permanent atmosphere. \u201cMy client wanted something clean, that left the space light. So I dedicated myself diligently to searching for vintage pieces and integrating them with more contemporary ones\u201d, explains the architect.<\/p>\n<\/div><\/div><div class=\"w-separator size_small\"><\/div><div class=\"g-cols wpb_row via_grid cols_2 laptops-cols_inherit tablets-cols_inherit mobiles-cols_1 valign_top type_default stacking_default\" style=\"--columns-gap:3rem;\"><div class=\"wpb_column vc_column_container\"><div class=\"vc_column-inner\"><div class=\"w-image has_ratio align_center\"><a ref=\"magnificPopup\" href=\"https:\/\/fernandamarques.com.br\/wp-content\/uploads\/2023\/10\/paulistano-3.jpg\" aria-label=\"paulistano-3\" class=\"w-image-h\"><div style=\"padding-bottom:133.3333%\"><\/div><img loading=\"lazy\" decoding=\"async\" width=\"683\" height=\"1024\" src=\"https:\/\/fernandamarques.com.br\/wp-content\/uploads\/2023\/10\/paulistano-3-683x1024.jpg\" class=\"attachment-large size-large\" alt=\"\" loading=\"lazy\" \/><\/a><\/div><\/div><\/div><div class=\"wpb_column vc_column_container\"><div class=\"vc_column-inner\"><div class=\"w-image has_ratio align_center\"><a ref=\"magnificPopup\" href=\"https:\/\/fernandamarques.com.br\/wp-content\/uploads\/2023\/10\/paulistano-4.jpg\" aria-label=\"paulistano-4\" class=\"w-image-h\"><div style=\"padding-bottom:133.3333%\"><\/div><img loading=\"lazy\" decoding=\"async\" width=\"683\" height=\"1024\" src=\"https:\/\/fernandamarques.com.br\/wp-content\/uploads\/2023\/10\/paulistano-4-683x1024.jpg\" class=\"attachment-large size-large\" alt=\"\" loading=\"lazy\" \/><\/a><\/div><\/div><\/div><\/div><div class=\"w-separator size_small\"><\/div><h2 class=\"w-text\"><span class=\"w-text-h\"><span class=\"w-text-value\">Signature Fernanda Marques<\/span><\/span><\/h2><div class=\"w-separator size_small\"><\/div><div class=\"wpb_text_column\"><div class=\"wpb_wrapper\"><p>But let no one expect from this project, however, anything less than a legitimate Fernanda Marques. There, as in his other works, the harmony with art is maintained and gains defined contours in works by Tomie Ohtake, Amilcar de Castro and Claudio Solferini.<\/p>\n<\/div><\/div><div class=\"w-separator size_small\"><\/div><div class=\"w-image has_ratio align_center\"><a ref=\"magnificPopup\" href=\"https:\/\/fernandamarques.com.br\/wp-content\/uploads\/2023\/10\/paulistano-5.jpg\" aria-label=\"paulistano-5\" class=\"w-image-h\"><div style=\"padding-bottom:56.25%\"><\/div><img loading=\"lazy\" decoding=\"async\" width=\"1024\" height=\"683\" src=\"https:\/\/fernandamarques.com.br\/wp-content\/uploads\/2023\/10\/paulistano-5-1024x683.jpg\" class=\"attachment-large size-large\" alt=\"\" loading=\"lazy\" \/><\/a><\/div><div class=\"w-separator size_small\"><\/div><div class=\"wpb_text_column\"><div class=\"wpb_wrapper\"><p>As well as the passion for design, manifested in the Infinito benches, made of stainless steel, which bear the architect&#8217;s signature and appear in counterpoint with the wood that covers the entire walls of the closet. \u201cI like playing opposites. The contrast between natural and industrial, cold and hot. Nothing more current\u201d, she summarizes.<\/p>\n<\/div><\/div><div class=\"w-separator size_small\"><\/div><div class=\"w-image has_ratio align_center\"><a ref=\"magnificPopup\" href=\"https:\/\/fernandamarques.com.br\/wp-content\/uploads\/2023\/10\/paulistano-6.jpg\" aria-label=\"paulistano-6\" class=\"w-image-h\"><div style=\"padding-bottom:56.25%\"><\/div><img loading=\"lazy\" decoding=\"async\" width=\"1024\" height=\"683\" src=\"https:\/\/fernandamarques.com.br\/wp-content\/uploads\/2023\/10\/paulistano-6-1024x683.jpg\" class=\"attachment-large size-large\" alt=\"\" loading=\"lazy\" \/><\/a><\/div><div class=\"w-separator size_small\"><\/div><div class=\"wpb_text_column\"><div class=\"wpb_wrapper\"><p>Main suppliers involved in this project: AG Movelaria, Di Marmore, Wood Design, Foco Luz e Padr\u00e3o, Parket.<\/p>\n<\/div><\/div><\/div><\/div><\/div><\/div><\/section>\n","protected":false},"excerpt":{"rendered":"<p>Um ref\u00fagio surfista: espa\u00e7o integrado com vista deslumbrante na cidade de S\u00e3o Paulo, conectado em todos os ambientes<\/p>\n","protected":false},"featured_media":2627,"menu_order":32,"template":"","categoria-de-projeto":[24],"class_list":["post-2053","projeto","type-projeto","status-publish","has-post-thumbnail","hentry","categoria-de-projeto-residential"],"acf":[],"yoast_head":"<!-- This site is optimized with the Yoast SEO plugin v27.5 - https:\/\/yoast.com\/product\/yoast-seo-wordpress\/ -->\n<title>Paulistano - Fernanda Marques<\/title>\n<meta name=\"robots\" content=\"index, follow, max-snippet:-1, max-image-preview:large, max-video-preview:-1\" \/>\n<link rel=\"canonical\" href=\"https:\/\/fernandamarques.com.br\/en\/project\/paulistano-en\/\" \/>\n<meta property=\"og:locale\" content=\"en_US\" \/>\n<meta property=\"og:type\" content=\"article\" \/>\n<meta property=\"og:title\" content=\"Paulistano - Fernanda Marques\" \/>\n<meta property=\"og:description\" content=\"Um ref\u00fagio surfista: espa\u00e7o integrado com vista deslumbrante na cidade de S\u00e3o Paulo, conectado em todos os ambientes\" \/>\n<meta property=\"og:url\" content=\"https:\/\/fernandamarques.com.br\/en\/project\/paulistano-en\/\" \/>\n<meta property=\"og:site_name\" content=\"Fernanda Marques\" \/>\n<meta property=\"article:modified_time\" content=\"2025-03-26T13:53:54+00:00\" \/>\n<meta property=\"og:image\" content=\"https:\/\/fernandamarques.com.br\/wp-content\/uploads\/2023\/10\/Paulistano.jpg\" \/>\n\t<meta property=\"og:image:width\" content=\"768\" \/>\n\t<meta property=\"og:image:height\" content=\"512\" \/>\n\t<meta property=\"og:image:type\" content=\"image\/jpeg\" \/>\n<meta name=\"twitter:card\" content=\"summary_large_image\" \/>\n<meta name=\"twitter:label1\" content=\"Est. reading time\" \/>\n\t<meta name=\"twitter:data1\" content=\"3 minutes\" \/>\n<!-- \/ Yoast SEO plugin. -->","yoast_head_json":{"title":"Paulistano - Fernanda Marques","robots":{"index":"index","follow":"follow","max-snippet":"max-snippet:-1","max-image-preview":"max-image-preview:large","max-video-preview":"max-video-preview:-1"},"canonical":"https:\/\/fernandamarques.com.br\/en\/project\/paulistano-en\/","og_locale":"en_US","og_type":"article","og_title":"Paulistano - Fernanda Marques","og_description":"Um ref\u00fagio surfista: espa\u00e7o integrado com vista deslumbrante na cidade de S\u00e3o Paulo, conectado em todos os ambientes","og_url":"https:\/\/fernandamarques.com.br\/en\/project\/paulistano-en\/","og_site_name":"Fernanda Marques","article_modified_time":"2025-03-26T13:53:54+00:00","og_image":[{"width":768,"height":512,"url":"https:\/\/fernandamarques.com.br\/wp-content\/uploads\/2023\/10\/Paulistano.jpg","type":"image\/jpeg"}],"twitter_card":"summary_large_image","twitter_misc":{"Est. reading time":"3 minutes"},"schema":{"@context":"https:\/\/schema.org","@graph":[{"@type":"WebPage","@id":"https:\/\/fernandamarques.com.br\/en\/project\/paulistano-en\/","url":"https:\/\/fernandamarques.com.br\/en\/project\/paulistano-en\/","name":"Paulistano - Fernanda Marques","isPartOf":{"@id":"https:\/\/fernandamarques.com.br\/en\/#website"},"primaryImageOfPage":{"@id":"https:\/\/fernandamarques.com.br\/en\/project\/paulistano-en\/#primaryimage"},"image":{"@id":"https:\/\/fernandamarques.com.br\/en\/project\/paulistano-en\/#primaryimage"},"thumbnailUrl":"https:\/\/fernandamarques.com.br\/wp-content\/uploads\/2023\/10\/Paulistano.jpg","datePublished":"2023-10-03T20:21:20+00:00","dateModified":"2025-03-26T13:53:54+00:00","breadcrumb":{"@id":"https:\/\/fernandamarques.com.br\/en\/project\/paulistano-en\/#breadcrumb"},"inLanguage":"en-US","potentialAction":[{"@type":"ReadAction","target":["https:\/\/fernandamarques.com.br\/en\/project\/paulistano-en\/"]}]},{"@type":"ImageObject","inLanguage":"en-US","@id":"https:\/\/fernandamarques.com.br\/en\/project\/paulistano-en\/#primaryimage","url":"https:\/\/fernandamarques.com.br\/wp-content\/uploads\/2023\/10\/Paulistano.jpg","contentUrl":"https:\/\/fernandamarques.com.br\/wp-content\/uploads\/2023\/10\/Paulistano.jpg","width":768,"height":512},{"@type":"BreadcrumbList","@id":"https:\/\/fernandamarques.com.br\/en\/project\/paulistano-en\/#breadcrumb","itemListElement":[{"@type":"ListItem","position":1,"name":"In\u00edcio","item":"https:\/\/fernandamarques.com.br\/en\/"},{"@type":"ListItem","position":2,"name":"Projetos","item":"https:\/\/fernandamarques.com.br\/en\/project\/"},{"@type":"ListItem","position":3,"name":"Paulistano"}]},{"@type":"WebSite","@id":"https:\/\/fernandamarques.com.br\/en\/#website","url":"https:\/\/fernandamarques.com.br\/en\/","name":"Fernanda Marques","description":"","potentialAction":[{"@type":"SearchAction","target":{"@type":"EntryPoint","urlTemplate":"https:\/\/fernandamarques.com.br\/en\/?s={search_term_string}"},"query-input":{"@type":"PropertyValueSpecification","valueRequired":true,"valueName":"search_term_string"}}],"inLanguage":"en-US"}]}},"_links":{"self":[{"href":"https:\/\/fernandamarques.com.br\/en\/wp-json\/wp\/v2\/projeto\/2053","targetHints":{"allow":["GET"]}}],"collection":[{"href":"https:\/\/fernandamarques.com.br\/en\/wp-json\/wp\/v2\/projeto"}],"about":[{"href":"https:\/\/fernandamarques.com.br\/en\/wp-json\/wp\/v2\/types\/projeto"}],"wp:featuredmedia":[{"embeddable":true,"href":"https:\/\/fernandamarques.com.br\/en\/wp-json\/wp\/v2\/media\/2627"}],"wp:attachment":[{"href":"https:\/\/fernandamarques.com.br\/en\/wp-json\/wp\/v2\/media?parent=2053"}],"wp:term":[{"taxonomy":"categoria-de-projeto","embeddable":true,"href":"https:\/\/fernandamarques.com.br\/en\/wp-json\/wp\/v2\/categoria-de-projeto?post=2053"}],"curies":[{"name":"wp","href":"https:\/\/api.w.org\/{rel}","templated":true}]}}

<section class="l-section wpb_row height_medium"><div class="l-section-h i-cf"><div class="g-cols vc_row via_grid cols_1 laptops-cols_inherit tablets-cols_inherit mobiles-cols_1 valign_top type_default stacking_default"><div class="wpb_column vc_column_container"><div class="vc_column-inner"><div class="w-image has_ratio align_center"><a ref="magnificPopup" href="https://fernandamarques.com.br/wp-content/uploads/2023/10/paulistano-1.jpg" aria-label="paulistano-1" class="w-image-h"><div style="padding-bottom:56.25%"></div><img loading="lazy" decoding="async" width="1024" height="683" src="https://fernandamarques.com.br/wp-content/uploads/2023/10/paulistano-1-1024x683.jpg" class="attachment-large size-large" alt="" loading="lazy" /></a></div><div class="w-separator size_medium"></div><div class="wpb_text_column"><div class="wpb_wrapper"><p>One of the most traditional clubs paulistanoyes, or Paulistano, in the Jardins neighborhood, and also the one that offers one of the most spectacular vistas of the city, especially when viewed from the large windows of this duplex.</p>
<p>“Enjoying the landscape as much as possible, and, as far as possible, bringing it indoors” was one of my client’s demands, says architect Fernanda Marques, who designed this 350 m2 apartment, home to a single father , surf lover, and his 3 children.</p>
</div></div><div class="w-separator size_small"></div><div class="w-image has_ratio align_center"><a ref="magnificPopup" href="https://fernandamarques.com.br/wp-content/uploads/2023/10/paulistano-2.jpg" aria-label="paulistano-2" class="w-image-h"><div style="padding-bottom:56.25%"></div><img loading="lazy" decoding="async" width="1024" height="683" src="https://fernandamarques.com.br/wp-content/uploads/2023/10/paulistano-2-1024x683.jpg" class="attachment-large size-large" alt="" loading="lazy" /></a></div><div class="w-separator size_small"></div><div class="wpb_text_column"><div class="wpb_wrapper"><p>“Those who come to me most of the time have sophistication as their main motivation. In this case, however, there is one more thing. There is more informality”, considers Fernanda who, in this sense, opted for maximum integration between all environments.</p>
<p>The result of a true retrofit operation, little of the current distribution resembles the original of the property. Today, the suites and home kids are located in the most secluded part of the apartment. In the social area, kitchen, gourmet space, living room and home theater.</p>
<p>From the point of vista aesthetic, light and soft and permanent atmosphere. “My client wanted something clean, that left the space light. So I dedicated myself diligently to searching for vintage pieces and integrating them with more contemporary ones”, explains the architect.</p>
</div></div><div class="w-separator size_small"></div><div class="g-cols wpb_row via_grid cols_2 laptops-cols_inherit tablets-cols_inherit mobiles-cols_1 valign_top type_default stacking_default" style="--columns-gap:3rem;"><div class="wpb_column vc_column_container"><div class="vc_column-inner"><div class="w-image has_ratio align_center"><a ref="magnificPopup" href="https://fernandamarques.com.br/wp-content/uploads/2023/10/paulistano-3.jpg" aria-label="paulistano-3" class="w-image-h"><div style="padding-bottom:133.3333%"></div><img loading="lazy" decoding="async" width="683" height="1024" src="https://fernandamarques.com.br/wp-content/uploads/2023/10/paulistano-3-683x1024.jpg" class="attachment-large size-large" alt="" loading="lazy" /></a></div></div></div><div class="wpb_column vc_column_container"><div class="vc_column-inner"><div class="w-image has_ratio align_center"><a ref="magnificPopup" href="https://fernandamarques.com.br/wp-content/uploads/2023/10/paulistano-4.jpg" aria-label="paulistano-4" class="w-image-h"><div style="padding-bottom:133.3333%"></div><img loading="lazy" decoding="async" width="683" height="1024" src="https://fernandamarques.com.br/wp-content/uploads/2023/10/paulistano-4-683x1024.jpg" class="attachment-large size-large" alt="" loading="lazy" /></a></div></div></div></div><div class="w-separator size_small"></div><h2 class="w-text"><span class="w-text-h"><span class="w-text-value">Signature Fernanda Marques</span></span></h2><div class="w-separator size_small"></div><div class="wpb_text_column"><div class="wpb_wrapper"><p>But let no one expect from this project, however, anything less than a legitimate Fernanda Marques. There, as in his other works, the harmony with art is maintained and gains defined contours in works by Tomie Ohtake, Amilcar de Castro and Claudio Solferini.</p>
</div></div><div class="w-separator size_small"></div><div class="w-image has_ratio align_center"><a ref="magnificPopup" href="https://fernandamarques.com.br/wp-content/uploads/2023/10/paulistano-5.jpg" aria-label="paulistano-5" class="w-image-h"><div style="padding-bottom:56.25%"></div><img loading="lazy" decoding="async" width="1024" height="683" src="https://fernandamarques.com.br/wp-content/uploads/2023/10/paulistano-5-1024x683.jpg" class="attachment-large size-large" alt="" loading="lazy" /></a></div><div class="w-separator size_small"></div><div class="wpb_text_column"><div class="wpb_wrapper"><p>As well as the passion for design, manifested in the Infinito benches, made of stainless steel, which bear the architect&#8217;s signature and appear in counterpoint with the wood that covers the entire walls of the closet. “I like playing opposites. The contrast between natural and industrial, cold and hot. Nothing more current”, she summarizes.</p>
</div></div><div class="w-separator size_small"></div><div class="w-image has_ratio align_center"><a ref="magnificPopup" href="https://fernandamarques.com.br/wp-content/uploads/2023/10/paulistano-6.jpg" aria-label="paulistano-6" class="w-image-h"><div style="padding-bottom:56.25%"></div><img loading="lazy" decoding="async" width="1024" height="683" src="https://fernandamarques.com.br/wp-content/uploads/2023/10/paulistano-6-1024x683.jpg" class="attachment-large size-large" alt="" loading="lazy" /></a></div><div class="w-separator size_small"></div><div class="wpb_text_column"><div class="wpb_wrapper"><p>Main suppliers involved in this project: AG Movelaria, Di Marmore, Wood Design, Foco Luz e Padrão, Parket.</p>
</div></div></div></div></div></div></section>

<p>Um refúgio surfista: espaço integrado com vista deslumbrante na cidade de São Paulo, conectado em todos os ambientes</p>

<!-- This site is optimized with the Yoast SEO plugin v27.5 - https://yoast.com/product/yoast-seo-wordpress/ -->
<title>Paulistano - Fernanda Marques</title>
<meta name="robots" content="index, follow, max-snippet:-1, max-image-preview:large, max-video-preview:-1" />
<link rel="canonical" href="https://fernandamarques.com.br/en/project/paulistano-en/" />
<meta property="og:locale" content="en_US" />
<meta property="og:type" content="article" />
<meta property="og:title" content="Paulistano - Fernanda Marques" />
<meta property="og:description" content="Um refúgio surfista: espaço integrado com vista deslumbrante na cidade de São Paulo, conectado em todos os ambientes" />
<meta property="og:url" content="https://fernandamarques.com.br/en/project/paulistano-en/" />
<meta property="og:site_name" content="Fernanda Marques" />
<meta property="article:modified_time" content="2025-03-26T13:53:54+00:00" />
<meta property="og:image" content="https://fernandamarques.com.br/wp-content/uploads/2023/10/Paulistano.jpg" />
	<meta property="og:image:width" content="768" />
	<meta property="og:image:height" content="512" />
	<meta property="og:image:type" content="image/jpeg" />
<meta name="twitter:card" content="summary_large_image" />
<meta name="twitter:label1" content="Est. reading time" />
	<meta name="twitter:data1" content="3 minutes" />
<!-- / Yoast SEO plugin. -->

Um refúgio surfista: espaço integrado com vista deslumbrante na cidade de São Paulo, conectado em todos os ambientes

Início
