{"id":2134,"date":"2023-11-09T14:40:51","date_gmt":"2023-11-09T17:40:51","guid":{"rendered":"https:\/\/fernandamarques.com.br\/?post_type=projeto&#038;p=2134"},"modified":"2025-03-26T14:32:36","modified_gmt":"2025-03-26T17:32:36","slug":"mostra-black-2011","status":"publish","type":"projeto","link":"https:\/\/fernandamarques.com.br\/en\/project\/mostra-black-2011\/","title":{"rendered":"Mostra Black 2011"},"content":{"rendered":"<section class=\"l-section wpb_row height_medium\"><div class=\"l-section-h i-cf\"><div class=\"g-cols vc_row via_grid cols_1 laptops-cols_inherit tablets-cols_inherit mobiles-cols_1 valign_top type_default stacking_default\"><div class=\"wpb_column vc_column_container\"><div class=\"vc_column-inner\"><div class=\"w-image has_ratio align_center\"><a ref=\"magnificPopup\" href=\"https:\/\/fernandamarques.com.br\/wp-content\/uploads\/2023\/11\/mostra-black-2011-1.jpg\" aria-label=\"mostra-black-2011-1\" class=\"w-image-h\"><div style=\"padding-bottom:56.25%\"><\/div><img loading=\"lazy\" decoding=\"async\" width=\"1024\" height=\"683\" src=\"https:\/\/fernandamarques.com.br\/wp-content\/uploads\/2023\/11\/mostra-black-2011-1-1024x683.jpg\" class=\"attachment-large size-large\" alt=\"\" loading=\"lazy\" \/><\/a><\/div><div class=\"w-separator size_medium\"><\/div><h2 class=\"w-text\"><span class=\"w-text-h\"><span class=\"w-text-value\">Fernanda Marques assina o Lounge Garagem na Hyundai Mostra Black<\/span><\/span><\/h2><div class=\"wpb_text_column\"><div class=\"wpb_wrapper\"><p>Fernanda Marques assina o Lounge Garagem na Hyundai Mostra Black.<br \/>\nPara a arquiteta Fernanda Marques, o termo Black est\u00e1 definitivamente ligado ao atemporal. \u00c9 sempre o mesmo, mas muda o tempo todo. Atravessou d\u00e9cadas e \u00e9 atual. N\u00e3o poderia ser mais adequado, portanto, para definir uma mostra onde exclusividade \u00e9 tudo.<\/p>\n<\/div><\/div><div class=\"w-separator size_medium\"><\/div><div class=\"g-cols wpb_row via_grid cols_2 laptops-cols_inherit tablets-cols_inherit mobiles-cols_1 valign_top type_default stacking_default\" style=\"--columns-gap:3rem;\"><div class=\"wpb_column vc_column_container\"><div class=\"vc_column-inner\"><div class=\"w-image has_ratio align_center\"><a ref=\"magnificPopup\" href=\"https:\/\/fernandamarques.com.br\/wp-content\/uploads\/2023\/11\/mostra-black-2011-2.jpg\" aria-label=\"mostra-black-2011-2\" class=\"w-image-h\"><div style=\"padding-bottom:133.3333%\"><\/div><img loading=\"lazy\" decoding=\"async\" width=\"683\" height=\"1024\" src=\"https:\/\/fernandamarques.com.br\/wp-content\/uploads\/2023\/11\/mostra-black-2011-2-683x1024.jpg\" class=\"attachment-large size-large\" alt=\"\" loading=\"lazy\" \/><\/a><\/div><\/div><\/div><div class=\"wpb_column vc_column_container\"><div class=\"vc_column-inner\"><div class=\"w-image has_ratio align_center\"><a ref=\"magnificPopup\" href=\"https:\/\/fernandamarques.com.br\/wp-content\/uploads\/2023\/11\/mostra-black-2011-3.jpg\" aria-label=\"mostra-black-2011-3\" class=\"w-image-h\"><div style=\"padding-bottom:133.3333%\"><\/div><img loading=\"lazy\" decoding=\"async\" width=\"683\" height=\"1024\" src=\"https:\/\/fernandamarques.com.br\/wp-content\/uploads\/2023\/11\/mostra-black-2011-3-683x1024.jpg\" class=\"attachment-large size-large\" alt=\"\" loading=\"lazy\" \/><\/a><\/div><\/div><\/div><\/div><div class=\"w-separator size_medium\"><\/div><h2 class=\"w-text\"><span class=\"w-text-h\"><span class=\"w-text-value\">Explorar a ess\u00eancia do masculino<\/span><\/span><\/h2><div class=\"wpb_text_column\"><div class=\"wpb_wrapper\"><p>&#8220;Nesta primeira edi\u00e7\u00e3o, apresento minha abordagem do masculino. Sempre por meio de materiais contempor\u00e2neos, design e arte&#8221;, conta ela. Lan\u00e7ando m\u00e3o de uma arrojada estrutura de vidro, surge assim o Lounge Garagem: o \u00fanico ambiente efetivamente constru\u00eddo de toda a mostra, com cerca de 150m\u00b2. Um espa\u00e7o multi\u00faso onde um morador sofisticado encontra plenas condi\u00e7\u00f5es para relaxar, trabalhar ou receber os amigos.<\/p>\n<\/div><\/div><div class=\"w-separator size_medium\"><\/div><div class=\"w-image has_ratio align_center\"><a ref=\"magnificPopup\" href=\"https:\/\/fernandamarques.com.br\/wp-content\/uploads\/2023\/11\/mostra-black-2011-4.jpg\" aria-label=\"mostra-black-2011-4\" class=\"w-image-h\"><div style=\"padding-bottom:56.25%\"><\/div><img loading=\"lazy\" decoding=\"async\" width=\"1024\" height=\"683\" src=\"https:\/\/fernandamarques.com.br\/wp-content\/uploads\/2023\/11\/mostra-black-2011-4-1024x683.jpg\" class=\"attachment-large size-large\" alt=\"\" loading=\"lazy\" \/><\/a><\/div><div class=\"w-separator size_medium\"><\/div><h2 class=\"w-text\"><span class=\"w-text-h\"><span class=\"w-text-value\">Uma garagem transformada: reduto de luxo e conforto<\/span><\/span><\/h2><div class=\"wpb_text_column\"><div class=\"wpb_wrapper\"><p>Ler um livro, compartilhar um bom vinho, ouvir boa m\u00fasica e acompanhar os jogos favoritos s\u00e3o outras atividades contempladas pelo espa\u00e7o. Seja no home theater, no lounge ou no enorme bar, equipado com adega. Tudo em meio a muito verde e, tendo ao alcance das m\u00e3os, o melhor da tecnologia atual. &#8220;Procurei imaginar como seria o lugar imaginado por um homem que resolveu fazer de sua garagem o seu reduto&#8221;, conta a arquiteta. Para tanto, o projeto procurou otimizar ao m\u00e1ximo o espa\u00e7o dispon\u00edvel, atrav\u00e9s de um moderno gazebo de vidro, capaz de abolir os limites entre o externo e o interno.<\/p>\n<\/div><\/div><div class=\"w-separator size_medium\"><\/div><div class=\"g-cols wpb_row via_grid cols_2 laptops-cols_inherit tablets-cols_inherit mobiles-cols_1 valign_top type_default stacking_default\" style=\"--columns-gap:3rem;\"><div class=\"wpb_column vc_column_container\"><div class=\"vc_column-inner\"><div class=\"w-image has_ratio align_center\"><a ref=\"magnificPopup\" href=\"https:\/\/fernandamarques.com.br\/wp-content\/uploads\/2023\/11\/mostra-black-2011-5.jpg\" aria-label=\"mostra-black-2011-5\" class=\"w-image-h\"><div style=\"padding-bottom:133.3333%\"><\/div><img loading=\"lazy\" decoding=\"async\" width=\"683\" height=\"1024\" src=\"https:\/\/fernandamarques.com.br\/wp-content\/uploads\/2023\/11\/mostra-black-2011-5-683x1024.jpg\" class=\"attachment-large size-large\" alt=\"\" loading=\"lazy\" \/><\/a><\/div><\/div><\/div><div class=\"wpb_column vc_column_container\"><div class=\"vc_column-inner\"><div class=\"w-image has_ratio align_center\"><a ref=\"magnificPopup\" href=\"https:\/\/fernandamarques.com.br\/wp-content\/uploads\/2023\/11\/mostra-black-2011-6.jpg\" aria-label=\"mostra-black-2011-6\" class=\"w-image-h\"><div style=\"padding-bottom:133.3333%\"><\/div><img loading=\"lazy\" decoding=\"async\" width=\"683\" height=\"1024\" src=\"https:\/\/fernandamarques.com.br\/wp-content\/uploads\/2023\/11\/mostra-black-2011-6-683x1024.jpg\" class=\"attachment-large size-large\" alt=\"\" loading=\"lazy\" \/><\/a><\/div><\/div><\/div><\/div><div class=\"w-separator size_medium\"><\/div><div class=\"wpb_text_column\"><div class=\"wpb_wrapper\"><p>&#8220;Resolvi tamb\u00e9m lan\u00e7ar o meu olhar sobre alguns \u00edcones do mundo deles: motos, velocidade, praticidade, vontade de compartilhar momentos com os amigos. Acho que&#8221;eles&#8221; v\u00e3o gostar&#8221;, brinca Marques, que cita entre os destaques de seu projeto a fachada, revestida com adesivo de efeito 3D. Tamb\u00e9m os quadros vivos, imensas estruturas preenchidas por plantas, capazes de garantir privacidade visual e ac\u00fastica \u00e0 caixa de vidro, merecem ser observados com mais aten\u00e7\u00e3o. J\u00e1 na parte interna, os pontos altos s\u00e3o a adega, equipada com ilumina\u00e7\u00e3o colorida e, logo na entrada, o vanguardista banco em a\u00e7o desenhado pela arquiteta.<\/p>\n<\/div><\/div><div class=\"w-separator size_medium\"><\/div><div class=\"w-image has_ratio align_center\"><a ref=\"magnificPopup\" href=\"https:\/\/fernandamarques.com.br\/wp-content\/uploads\/2023\/11\/mostra-black-2011-7.jpg\" aria-label=\"mostra-black-2011-7\" class=\"w-image-h\"><div style=\"padding-bottom:56.25%\"><\/div><img loading=\"lazy\" decoding=\"async\" width=\"1024\" height=\"683\" src=\"https:\/\/fernandamarques.com.br\/wp-content\/uploads\/2023\/11\/mostra-black-2011-7-1024x683.jpg\" class=\"attachment-large size-large\" alt=\"\" loading=\"lazy\" \/><\/a><\/div><div class=\"w-separator size_medium\"><\/div><div class=\"wpb_text_column\"><div class=\"wpb_wrapper\"><p>Com inaugura\u00e7\u00e3o prevista para o dia 20 de junho, a mostra acontecer\u00e1 em um casar\u00e3o de 1500 m\u00b2, no Jardim Europa, constru\u00eddo na d\u00e9cada de 40 pelo arquiteto Jacques Pillon. A casa ser\u00e1 totalmente reinventada pelos 14 profissionais convidados que criar\u00e3o seus espa\u00e7os partindo de suas interpreta\u00e7\u00f5es pessoais sobre &#8220;O que ser Black?&#8221;.<\/p>\n<\/div><\/div><\/div><\/div><\/div><\/div><\/section>\n","protected":false},"excerpt":{"rendered":"<p>Um espa\u00e7o de sofistica\u00e7\u00e3o multifuncional assinado por Fernanda Marques<\/p>\n","protected":false},"featured_media":3158,"menu_order":6,"template":"","categoria-de-projeto":[28],"class_list":["post-2134","projeto","type-projeto","status-publish","has-post-thumbnail","hentry","categoria-de-projeto-showcase"],"acf":[],"yoast_head":"<!-- This site is optimized with the Yoast SEO plugin v27.5 - https:\/\/yoast.com\/product\/yoast-seo-wordpress\/ -->\n<title>Mostra Black 2011 - Fernanda Marques<\/title>\n<meta name=\"robots\" content=\"index, follow, max-snippet:-1, max-image-preview:large, max-video-preview:-1\" \/>\n<link rel=\"canonical\" href=\"https:\/\/fernandamarques.com.br\/en\/project\/mostra-black-2011\/\" \/>\n<meta property=\"og:locale\" content=\"en_US\" \/>\n<meta property=\"og:type\" content=\"article\" \/>\n<meta property=\"og:title\" content=\"Mostra Black 2011 - Fernanda Marques\" \/>\n<meta property=\"og:description\" content=\"Um espa\u00e7o de sofistica\u00e7\u00e3o multifuncional assinado por Fernanda Marques\" \/>\n<meta property=\"og:url\" content=\"https:\/\/fernandamarques.com.br\/en\/project\/mostra-black-2011\/\" \/>\n<meta property=\"og:site_name\" content=\"Fernanda Marques\" \/>\n<meta property=\"article:modified_time\" content=\"2025-03-26T17:32:36+00:00\" \/>\n<meta property=\"og:image\" content=\"https:\/\/fernandamarques.com.br\/wp-content\/uploads\/2023\/11\/capa-mostra-black-2011.jpg\" \/>\n\t<meta property=\"og:image:width\" content=\"769\" \/>\n\t<meta property=\"og:image:height\" content=\"512\" \/>\n\t<meta property=\"og:image:type\" content=\"image\/jpeg\" \/>\n<meta name=\"twitter:card\" content=\"summary_large_image\" \/>\n<meta name=\"twitter:label1\" content=\"Est. reading time\" \/>\n\t<meta name=\"twitter:data1\" content=\"3 minutes\" \/>\n<!-- \/ Yoast SEO plugin. -->","yoast_head_json":{"title":"Mostra Black 2011 - Fernanda Marques","robots":{"index":"index","follow":"follow","max-snippet":"max-snippet:-1","max-image-preview":"max-image-preview:large","max-video-preview":"max-video-preview:-1"},"canonical":"https:\/\/fernandamarques.com.br\/en\/project\/mostra-black-2011\/","og_locale":"en_US","og_type":"article","og_title":"Mostra Black 2011 - Fernanda Marques","og_description":"Um espa\u00e7o de sofistica\u00e7\u00e3o multifuncional assinado por Fernanda Marques","og_url":"https:\/\/fernandamarques.com.br\/en\/project\/mostra-black-2011\/","og_site_name":"Fernanda Marques","article_modified_time":"2025-03-26T17:32:36+00:00","og_image":[{"width":769,"height":512,"url":"https:\/\/fernandamarques.com.br\/wp-content\/uploads\/2023\/11\/capa-mostra-black-2011.jpg","type":"image\/jpeg"}],"twitter_card":"summary_large_image","twitter_misc":{"Est. reading time":"3 minutes"},"schema":{"@context":"https:\/\/schema.org","@graph":[{"@type":"WebPage","@id":"https:\/\/fernandamarques.com.br\/en\/project\/mostra-black-2011\/","url":"https:\/\/fernandamarques.com.br\/en\/project\/mostra-black-2011\/","name":"Mostra Black 2011 - Fernanda Marques","isPartOf":{"@id":"https:\/\/fernandamarques.com.br\/en\/#website"},"primaryImageOfPage":{"@id":"https:\/\/fernandamarques.com.br\/en\/project\/mostra-black-2011\/#primaryimage"},"image":{"@id":"https:\/\/fernandamarques.com.br\/en\/project\/mostra-black-2011\/#primaryimage"},"thumbnailUrl":"https:\/\/fernandamarques.com.br\/wp-content\/uploads\/2023\/11\/capa-mostra-black-2011.jpg","datePublished":"2023-11-09T17:40:51+00:00","dateModified":"2025-03-26T17:32:36+00:00","breadcrumb":{"@id":"https:\/\/fernandamarques.com.br\/en\/project\/mostra-black-2011\/#breadcrumb"},"inLanguage":"en-US","potentialAction":[{"@type":"ReadAction","target":["https:\/\/fernandamarques.com.br\/en\/project\/mostra-black-2011\/"]}]},{"@type":"ImageObject","inLanguage":"en-US","@id":"https:\/\/fernandamarques.com.br\/en\/project\/mostra-black-2011\/#primaryimage","url":"https:\/\/fernandamarques.com.br\/wp-content\/uploads\/2023\/11\/capa-mostra-black-2011.jpg","contentUrl":"https:\/\/fernandamarques.com.br\/wp-content\/uploads\/2023\/11\/capa-mostra-black-2011.jpg","width":769,"height":512},{"@type":"BreadcrumbList","@id":"https:\/\/fernandamarques.com.br\/en\/project\/mostra-black-2011\/#breadcrumb","itemListElement":[{"@type":"ListItem","position":1,"name":"In\u00edcio","item":"https:\/\/fernandamarques.com.br\/en\/"},{"@type":"ListItem","position":2,"name":"Projetos","item":"https:\/\/fernandamarques.com.br\/en\/project\/"},{"@type":"ListItem","position":3,"name":"Mostra Black 2011"}]},{"@type":"WebSite","@id":"https:\/\/fernandamarques.com.br\/en\/#website","url":"https:\/\/fernandamarques.com.br\/en\/","name":"Fernanda Marques","description":"","potentialAction":[{"@type":"SearchAction","target":{"@type":"EntryPoint","urlTemplate":"https:\/\/fernandamarques.com.br\/en\/?s={search_term_string}"},"query-input":{"@type":"PropertyValueSpecification","valueRequired":true,"valueName":"search_term_string"}}],"inLanguage":"en-US"}]}},"_links":{"self":[{"href":"https:\/\/fernandamarques.com.br\/en\/wp-json\/wp\/v2\/projeto\/2134","targetHints":{"allow":["GET"]}}],"collection":[{"href":"https:\/\/fernandamarques.com.br\/en\/wp-json\/wp\/v2\/projeto"}],"about":[{"href":"https:\/\/fernandamarques.com.br\/en\/wp-json\/wp\/v2\/types\/projeto"}],"wp:featuredmedia":[{"embeddable":true,"href":"https:\/\/fernandamarques.com.br\/en\/wp-json\/wp\/v2\/media\/3158"}],"wp:attachment":[{"href":"https:\/\/fernandamarques.com.br\/en\/wp-json\/wp\/v2\/media?parent=2134"}],"wp:term":[{"taxonomy":"categoria-de-projeto","embeddable":true,"href":"https:\/\/fernandamarques.com.br\/en\/wp-json\/wp\/v2\/categoria-de-projeto?post=2134"}],"curies":[{"name":"wp","href":"https:\/\/api.w.org\/{rel}","templated":true}]}}

<section class="l-section wpb_row height_medium"><div class="l-section-h i-cf"><div class="g-cols vc_row via_grid cols_1 laptops-cols_inherit tablets-cols_inherit mobiles-cols_1 valign_top type_default stacking_default"><div class="wpb_column vc_column_container"><div class="vc_column-inner"><div class="w-image has_ratio align_center"><a ref="magnificPopup" href="https://fernandamarques.com.br/wp-content/uploads/2023/11/mostra-black-2011-1.jpg" aria-label="mostra-black-2011-1" class="w-image-h"><div style="padding-bottom:56.25%"></div><img loading="lazy" decoding="async" width="1024" height="683" src="https://fernandamarques.com.br/wp-content/uploads/2023/11/mostra-black-2011-1-1024x683.jpg" class="attachment-large size-large" alt="" loading="lazy" /></a></div><div class="w-separator size_medium"></div><h2 class="w-text"><span class="w-text-h"><span class="w-text-value">Fernanda Marques assina o Lounge Garagem na Hyundai Mostra Black</span></span></h2><div class="wpb_text_column"><div class="wpb_wrapper"><p>Fernanda Marques assina o Lounge Garagem na Hyundai Mostra Black.<br />
Para a arquiteta Fernanda Marques, o termo Black está definitivamente ligado ao atemporal. É sempre o mesmo, mas muda o tempo todo. Atravessou décadas e é atual. Não poderia ser mais adequado, portanto, para definir uma mostra onde exclusividade é tudo.</p>
</div></div><div class="w-separator size_medium"></div><div class="g-cols wpb_row via_grid cols_2 laptops-cols_inherit tablets-cols_inherit mobiles-cols_1 valign_top type_default stacking_default" style="--columns-gap:3rem;"><div class="wpb_column vc_column_container"><div class="vc_column-inner"><div class="w-image has_ratio align_center"><a ref="magnificPopup" href="https://fernandamarques.com.br/wp-content/uploads/2023/11/mostra-black-2011-2.jpg" aria-label="mostra-black-2011-2" class="w-image-h"><div style="padding-bottom:133.3333%"></div><img loading="lazy" decoding="async" width="683" height="1024" src="https://fernandamarques.com.br/wp-content/uploads/2023/11/mostra-black-2011-2-683x1024.jpg" class="attachment-large size-large" alt="" loading="lazy" /></a></div></div></div><div class="wpb_column vc_column_container"><div class="vc_column-inner"><div class="w-image has_ratio align_center"><a ref="magnificPopup" href="https://fernandamarques.com.br/wp-content/uploads/2023/11/mostra-black-2011-3.jpg" aria-label="mostra-black-2011-3" class="w-image-h"><div style="padding-bottom:133.3333%"></div><img loading="lazy" decoding="async" width="683" height="1024" src="https://fernandamarques.com.br/wp-content/uploads/2023/11/mostra-black-2011-3-683x1024.jpg" class="attachment-large size-large" alt="" loading="lazy" /></a></div></div></div></div><div class="w-separator size_medium"></div><h2 class="w-text"><span class="w-text-h"><span class="w-text-value">Explorar a essência do masculino</span></span></h2><div class="wpb_text_column"><div class="wpb_wrapper"><p>&#8220;Nesta primeira edição, apresento minha abordagem do masculino. Sempre por meio de materiais contemporâneos, design e arte&#8221;, conta ela. Lançando mão de uma arrojada estrutura de vidro, surge assim o Lounge Garagem: o único ambiente efetivamente construído de toda a mostra, com cerca de 150m². Um espaço multiúso onde um morador sofisticado encontra plenas condições para relaxar, trabalhar ou receber os amigos.</p>
</div></div><div class="w-separator size_medium"></div><div class="w-image has_ratio align_center"><a ref="magnificPopup" href="https://fernandamarques.com.br/wp-content/uploads/2023/11/mostra-black-2011-4.jpg" aria-label="mostra-black-2011-4" class="w-image-h"><div style="padding-bottom:56.25%"></div><img loading="lazy" decoding="async" width="1024" height="683" src="https://fernandamarques.com.br/wp-content/uploads/2023/11/mostra-black-2011-4-1024x683.jpg" class="attachment-large size-large" alt="" loading="lazy" /></a></div><div class="w-separator size_medium"></div><h2 class="w-text"><span class="w-text-h"><span class="w-text-value">Uma garagem transformada: reduto de luxo e conforto</span></span></h2><div class="wpb_text_column"><div class="wpb_wrapper"><p>Ler um livro, compartilhar um bom vinho, ouvir boa música e acompanhar os jogos favoritos são outras atividades contempladas pelo espaço. Seja no home theater, no lounge ou no enorme bar, equipado com adega. Tudo em meio a muito verde e, tendo ao alcance das mãos, o melhor da tecnologia atual. &#8220;Procurei imaginar como seria o lugar imaginado por um homem que resolveu fazer de sua garagem o seu reduto&#8221;, conta a arquiteta. Para tanto, o projeto procurou otimizar ao máximo o espaço disponível, através de um moderno gazebo de vidro, capaz de abolir os limites entre o externo e o interno.</p>
</div></div><div class="w-separator size_medium"></div><div class="g-cols wpb_row via_grid cols_2 laptops-cols_inherit tablets-cols_inherit mobiles-cols_1 valign_top type_default stacking_default" style="--columns-gap:3rem;"><div class="wpb_column vc_column_container"><div class="vc_column-inner"><div class="w-image has_ratio align_center"><a ref="magnificPopup" href="https://fernandamarques.com.br/wp-content/uploads/2023/11/mostra-black-2011-5.jpg" aria-label="mostra-black-2011-5" class="w-image-h"><div style="padding-bottom:133.3333%"></div><img loading="lazy" decoding="async" width="683" height="1024" src="https://fernandamarques.com.br/wp-content/uploads/2023/11/mostra-black-2011-5-683x1024.jpg" class="attachment-large size-large" alt="" loading="lazy" /></a></div></div></div><div class="wpb_column vc_column_container"><div class="vc_column-inner"><div class="w-image has_ratio align_center"><a ref="magnificPopup" href="https://fernandamarques.com.br/wp-content/uploads/2023/11/mostra-black-2011-6.jpg" aria-label="mostra-black-2011-6" class="w-image-h"><div style="padding-bottom:133.3333%"></div><img loading="lazy" decoding="async" width="683" height="1024" src="https://fernandamarques.com.br/wp-content/uploads/2023/11/mostra-black-2011-6-683x1024.jpg" class="attachment-large size-large" alt="" loading="lazy" /></a></div></div></div></div><div class="w-separator size_medium"></div><div class="wpb_text_column"><div class="wpb_wrapper"><p>&#8220;Resolvi também lançar o meu olhar sobre alguns ícones do mundo deles: motos, velocidade, praticidade, vontade de compartilhar momentos com os amigos. Acho que&#8221;eles&#8221; vão gostar&#8221;, brinca Marques, que cita entre os destaques de seu projeto a fachada, revestida com adesivo de efeito 3D. Também os quadros vivos, imensas estruturas preenchidas por plantas, capazes de garantir privacidade visual e acústica à caixa de vidro, merecem ser observados com mais atenção. Já na parte interna, os pontos altos são a adega, equipada com iluminação colorida e, logo na entrada, o vanguardista banco em aço desenhado pela arquiteta.</p>
</div></div><div class="w-separator size_medium"></div><div class="w-image has_ratio align_center"><a ref="magnificPopup" href="https://fernandamarques.com.br/wp-content/uploads/2023/11/mostra-black-2011-7.jpg" aria-label="mostra-black-2011-7" class="w-image-h"><div style="padding-bottom:56.25%"></div><img loading="lazy" decoding="async" width="1024" height="683" src="https://fernandamarques.com.br/wp-content/uploads/2023/11/mostra-black-2011-7-1024x683.jpg" class="attachment-large size-large" alt="" loading="lazy" /></a></div><div class="w-separator size_medium"></div><div class="wpb_text_column"><div class="wpb_wrapper"><p>Com inauguração prevista para o dia 20 de junho, a mostra acontecerá em um casarão de 1500 m², no Jardim Europa, construído na década de 40 pelo arquiteto Jacques Pillon. A casa será totalmente reinventada pelos 14 profissionais convidados que criarão seus espaços partindo de suas interpretações pessoais sobre &#8220;O que ser Black?&#8221;.</p>
</div></div></div></div></div></div></section>

<p>Um espaço de sofisticação multifuncional assinado por Fernanda Marques</p>

<!-- This site is optimized with the Yoast SEO plugin v27.5 - https://yoast.com/product/yoast-seo-wordpress/ -->
<title>Mostra Black 2011 - Fernanda Marques</title>
<meta name="robots" content="index, follow, max-snippet:-1, max-image-preview:large, max-video-preview:-1" />
<link rel="canonical" href="https://fernandamarques.com.br/en/project/mostra-black-2011/" />
<meta property="og:locale" content="en_US" />
<meta property="og:type" content="article" />
<meta property="og:title" content="Mostra Black 2011 - Fernanda Marques" />
<meta property="og:description" content="Um espaço de sofisticação multifuncional assinado por Fernanda Marques" />
<meta property="og:url" content="https://fernandamarques.com.br/en/project/mostra-black-2011/" />
<meta property="og:site_name" content="Fernanda Marques" />
<meta property="article:modified_time" content="2025-03-26T17:32:36+00:00" />
<meta property="og:image" content="https://fernandamarques.com.br/wp-content/uploads/2023/11/capa-mostra-black-2011.jpg" />
	<meta property="og:image:width" content="769" />
	<meta property="og:image:height" content="512" />
	<meta property="og:image:type" content="image/jpeg" />
<meta name="twitter:card" content="summary_large_image" />
<meta name="twitter:label1" content="Est. reading time" />
	<meta name="twitter:data1" content="3 minutes" />
<!-- / Yoast SEO plugin. -->

Um espaço de sofisticação multifuncional assinado por Fernanda Marques

Início
